23
Calculate 5 - (-1 + (1 - 3) - (-21 - -18)).
5
What is the value of 32 + (-44 - (2 + -20))?
6
Calculate (0 - -6 - 6) + 9 - (1 - 2).
10
Calculate -27 - (-8 + -66 + 17).
30
What is the value of 18 + (8 - (3 + 10))?
13
What is the value of -12 - (15 + -7 + 2 + -1 + -6)?
-15
Evaluate -3 - (-10 + 8 + 13 + -4 + -21).
11
What is -4 + (-12 - (-32 + 6 + 4))?
6
What is the value of 12 + -8 + -5 - (6 + 3)?
-10
Calculate 1 + 5 + -10 - (-1 - 13).
10
What is the value of ((-1 - -2) + -9 - -2) + (-15 - -10)?
-11
What is the value of 7 - (2 + (6 - -3))?
-4
Evaluate -10 - (3 - (10 - 7 - -1)).
-9
Calculate 0 - 9 - (-3 + -6).
0
What is 180 + -196 - (1 - 25)?
8
What is the value of -22 + (8 - (1 + 5 + (-2 - 3)))?
-15
Evaluate (15 - -1 - (16 - 40 - -28)) + 3.
15
What is the value of 25 + -18 - (-20 - 2)?
29
Evaluate (2 - -51) + -7 + 0 - -1 - 10.
37
What is the value of 9 + (7 - (15 + -14))?
15
20 + -21 + 21 + -37
-17
What is the value of (-19 - -2) + 16 + -3?
-4
What is -2 - (18 + -12) - 9?
-17
What is (-3 + -17 - (-15 + 19)) + (7 - -2)?
-15
What is -6 - (25 + 6 - 19)?
-18
What is 1 + 9 - (-433 - -425)?
18
Calculate -9 + (-1 - (-6 + 14 + -9) - 9).
-18
What is -13 + 2 + (-10 - (-26 - -13))?
-8
Evaluate -11 + (11 - (-35 - -23)).
12
Calculate (0 - ((10 - 7) + -4 + -1)) + -10.
-8
Evaluate (3 - -1 - (-139 - -136)) + 9.
16
6 - (-2 + 5) - 1 - -12
14
19 + 1 + -39 + 3
-16
What is the value of 29 - (-24 + 38) - -10?
25
What is the value of (-38 - -30) + (0 + -1 - -1)?
-8
-9 + -12 + (-19 - -16) + 7
-17
What is the value of (10 - (15 - -8)) + 9 - -10?
6
Evaluate 11 - (4 + -11 + (8 - 12)).
22
What is -19 + 10 - (-18 - 3)?
12
What is -32 + -2 + (2 + 10 - (-2 - -13))?
-33
Calculate (-5 + -2 - (-55 + 39)) + -5.
4
What is -20 - -25 - ((-1 - -4) + -1) - 21?
-18
Calculate (-1 - -5) + -15 + -3 + 0.
-14
-10 + 13 - (4 - (4 + (-12 - -5)))
-4
What is -3 + 14 - (59 - (37 + 6))?
-5
What is the value of 13 + -9 - (16 + -15)?
3
Evaluate (-18 - (-8 + -11)) + -9.
-8
Calculate -11 - (-5 + -8 + 24 + -34).
12
26 + 0 + -1 - (2796 + -2794)
23
Calculate -21 - (-71 - -73 - (-3 + 1 + 3)).
-22
What is 43 - 36 - 42 - (-1 - 4)?
-30
Calculate 0 + -4 - ((1 - 19) + -1 + -4).
19
Calculate -33 + 24 - -1 - (-6 - (0 + 3)).
1
Evaluate -27 - -21 - ((10 - 7) + (0 - 3)).
-6
Evaluate -12 + (28 - 76) + 30.
-30
What is 33 + 42 + -29 + -23?
23
30 - (-14 - -1) - 30
13
Calculate 28 - (-4 - -5) - 11.
16
What is the value of -13 + (9 - -15) - (1 - -28)?
-18
What is the value of (29 - 33) + -4 + 2 - 0?
-6
What is 5 - ((0 - 5) + 12 + -12 + 8)?
2
What is the value of (-9 - 0) + -65 + 16 + 41?
-17
Calculate -3 - (-6 - 0) - 15.
-12
Evaluate (14 - -2) + -46 + 37 + -23.
-16
Calculate -5 - 1 - (36 - (-43 - -92)).
7
What is -77 + 84 + (-1 - -4 - 1)?
9
What is the value of 4 - ((-22 - (1 + -19)) + 5)?
3
What is the value of 38 - 86 - -38 - (-3 - -1 - 22)?
14
19 + -26 - 16 - (2 + (-7 - 2))
-16
What is the value of -1 + -2 + -9 + 28 + -13 + -3?
0
Evaluate (2 - 7) + (4 - 8).
-9
What is the value of 9 - 70 - (82 + -117)?
-26
What is 183 + -187 - (2 + (1 - 12))?
5
What is the value of 25 - 33 - (3 + 2)?
-13
Evaluate 1 + -22 - (-10 - (17 - 18)).
-12
Calculate 53 + -10 + -56 + -14.
-27
What is (-1 - -5) + 15 + (-2 - 22)?
-5
-1 + 1 - (4 - (-14 - -1 - -1))
-16
4 + (-1 - 14) + (13 - -9 - 20)
-9
What is the value of -5 + 3 + (8 - 16) + 15?
5
Evaluate 3 + (-2 - 11) - 3.
-13
Calculate -39 + 8 + -2 - (-27 - -10).
-16
-14 + (36 - -1) - 13
10
What is -25 + (-37 + 38 - (-6 - (-6 - 3)))?
-27
-14 + (-6 - (-18 - (-24 - -12)))
-14
Calculate -1 - -13 - (15 - -9 - 22) - 4.
6
What is -5 + ((2 - 10) + 3 - (6 - 10))?
-6
Calculate (5 + -12 - -6) + -1 + -1 - 0.
-3
22 - (17 - -1) - ((1 - -2) + -13)
14
What is the value of -19 + (-15 - 1 - -22)?
-13
What is (-1 - -7) + 1 + 0 + 3 - -7?
17
What is -36 + 28 + 21 + (0 - 3)?
10
What is 2 + (0 - -7 - (2 + 4)) + 1?
4
-21 - -29 - (-24 + 28)
4
What is (11 - 15 - -4) + (0 - (0 - 2))?
2
What is (1 - -3) + (5 - (0 + -5 - -1))?
13
(-17 - -12) + (0 - 4 - (7 + 1))
-17
What is the value of -10 - (-6 - (-2 + 4) - (-23 + 6))?
-19
16 - (-8 + -10 + 7 + 5)
22
What is (26 + 21 - 27) + 0 + 19?
39
Calculate 0 + 1 + -2 + (50 - -10) + -49.
10
-8 + -7 - (-2 + 8)
-21
Evaluate -2 - (-2 + -1 + -3 + 5).
-1
Calculate -50 + (23 - (-8 - -6)).
-25
What is 10 + -6 + -48 + 38?
-6
Evaluate (4 + -6 - 10) + 18.
6
Calculate -35 + -3 + (87 - 68).
-19
-352 + 326 + (33 - -1)
8
Calculate -25 + (16 + -14 + (1 - -6) - 0).
-16
(-8 - -20) + -8 + -3 + -8
-7
What is 10 - (4 - (27 - 22))?
11
What is (2 - -10) + (-3 - 24 - -15)?
0
What is -3 - 32 - (-17 - 43)?
25
What is the value of (13 - 5) + (-9 - (4 + -4 + -1))?
0
-2 + 15 - (-1 + 9) - -8
13
What is 16 + -15 + (-4 - 0) - -21 - 0?
18
Calculate -74 + 26 + 24 - -20.
-4
What is (42 - 60) + 36 - (0 + -8)?
26
Evaluate (12 - 33) + 10 + 5 + 1.
-5
Calculate -8 - (21 - (14 + -7)).
-22
Calculate -8 + 9 + (-14 + (-2 - -12) - 13).
-16
Calculate -26 + 31 + -5 + 9.
9
(1 - 3) + (6 - (-41 - -39))
6
(10 + -1 - 1) + 1 + -5 + -8
-4
-17 + (5 + 5 + -4 - (-3 + 12))
-20
Evaluate (1 - -15) + (-156 - -147).
7
What is the value of 110 + -96 + (-1 - 6) - 30?
-23
Calculate (2 - (-25 - -18)) + 0 + 20.
29
24 + -13 + (-10 - -2 - 0)
3
What is the value of -9 + (4 - (-9 - -1)) + 1?
4
What is (-21 - -11) + -8 + (1 - 14)?
-31
Calculate 24 + -24 - -4 - -11.
15
2 + -28 + (-11 - -25)
-12
What is the value of 1 - -1 - (27 + -7 - 20)?
2
What is the value of 2 + 5 + -1 + -1?
5
What is the value of (-16 + 1 - (30 + -33)) + 8?
-4
What is -8 + 12 - (0 - -2)?
2
What is (8 + -4 - 5 - (0 + -1)) + 4?
4
What is 14 + -2 - (5 + -2 + 0) - 6?
3
Evaluate 252 - 216 - (1 + 18).
17
What is the value of -2 + (-7 - -2) + 21?
14
What is the value of -29 + 36 + -24 - (2 + 0)?
-19
What is the value of 17 - (-21 - -6 - -20)?
12
What is the value of (61 - 64) + 9 + -3 + (0 - 0)?
3
What is -5 + 2 + 2 + -2 - (38 + -21)?
-20
What is the value of (-9 - -10 - (11 - 6)) + -7 + 0?
-11
What is (-103 - -126) + -1 + -9 + -12?
1
What is (-75 - -63) + (45 - 4)?
29
-9 - (-7 + 6 + -12) - 0
4
What is the value of -1 + (-6 - -12) + (-14 - (0 + 5))?
-14
Evaluate 3 - 0 - (-13 + 18 + (-1 - -6)).
-7
What is the value of -6 - ((-6 + 0 - -15) + -16)?
1
What is the value of -20 + (-8 - (-4 - 19)) + (0 - 3)?
-8
Calculate 23 + (-5 - -4) + -10.
12
17 - (-14 + 26) - 23
-18
What is the value of 14 - ((9 - 18) + 15) - 19?
-11
-21 + (-2 - -19) - -22
18
What is 13 - (-9 - (-5 + -15 + 8))?
10
Calculate -21 - ((4 - -1) + -9) - -11.
-6
Calculate 14 + -3 + (1 - (1 + 0)).
11
Evaluate 122 - 108 - (20 + 0) - -11.
5
What is the value of 1 + 2 - ((2 + -10 - -3) + 1)?
7
-7 + -1 + 2 + (3 + 5 - 5)
-3
Calculate (600 - 597) + (-13 - 1).
-11
Calculate 4 + (-8 - -3) + (-184 - -160).
-25
Calculate 13 - 14 - (12 + 3 - 2).
-14
What is 105 - (-35 + 74) - 34?
32
What is the value of -5 - 15 - (0 - (4 - 1)) - -2?
-15
What is -23 - (5 + -12 + 9 + -8)?
-17
Calculate 37 + -71 + (13 - -31).
10
(-14 - (-4 + 3 + 7)) + -6
-26
Evaluate -15 - (-11 - -2 - 5).
-1
What is 2 + -8 + (3 - (3 + -6) - -6)?
6
Evaluate -7 - -10 - (12 - (7 - (5 + -1))).
-6
Calculate (3 + 11 - 15) + -6 + 1.
-6
0 + 16 + -14 - -4
6
8 + (-3 - (-12 + 5))
12
Calculate (-65 - -62) + (13 - 2 - 3).
5
-3 + (-15 - -36) + -9 - (0 - -9)
0
What is -3 + 2 - (72 - 41 - (-2 + 19))?
-15
(10 - 9) + 19 + 1
21
What is the value of 12 + (-14 - 1) + (-8 - -15)?
4
Calculate 14 - (-6 - (-7 + -3 + 0 - 0)).
10
(139 - 153) + (7 - 2)
-9
-2 - -27 - (2 - (20 - 31))
12
Evaluate (34 - 24) + -1 + (-5 - -2).
6
Evaluate -1 - (18 - 9 - (2 + -13)).
-21
What is the value of 17 - 0 - (2 - -8)?
7
What is the value of -86 + 84 + -4 + 3?
-3
What is 6 + -1 + -24 + 31?
12
Calculate 66 - 27 - (67 - 37).
9
Calculate 15 - (7 - -11 - 13).
10
Calculate 2 + 0 - (17 - 16) - (7 + 1).
-7
What is 10 - -2 - 11 - (29 + -38)?
10
Evaluate 1 + -1 + -3 + -3 + 8.
2
4 + (7 - (-2 + 5) - (-1 - 1))
10
-36 + 56 + (3 - 9) + 1
15
What is the value of -150 - -116 - (0 - 30)?
-4
What is 0 - -7 - 1 - (53 + (94 - 131))?
-10
6 + -2 + 13 + -8
9
Evaluate 19 + -39 - (-30 + -3).
13
Evaluate (-89 - -113) + 0 + 9.
33
What is (-1023 - -1016) + (-1 - (0 + -1)) + 4?
-3
What is -47 - (-12 + 19 + -44)?
-10
Calculate ((-5 - 0) + 14 - 3) + -2.
4
What is the value of -7 + (27 - 16) + 1?
5
(5 - 5 - -6) + (-31 - (-4 + 7))
-28
Calculate (9 - 15)